se 2, what is -1 + 11101010111100?
11101010111011
In base 8, what is 1365 + -67?
1276
In base 16, what is -d3 - 12f?
-202
In base 12, what is 0 - 5a74?
-5a74
In base 5, what is -1 + -1340324?
-1340330
In base 11, what is -119617 + 5?
-119612
In base 6, what is 3253 + -22?
3231
In base 13, what is 326 - -45?
36b
In base 8, what is 6 + -221366?
-221360
In base 15, what is 12 - 3cb14?
-3cb02
In base 3, what is 12010202 + -22?
12010110
In base 16, what is -1 - -11ed?
11ec
In base 2, what is 101000101001 - -101111?
101001011000
In base 8, what is -5 - -65163?
65156
In base 13, what is -8430 + 15?
-8418
In base 7, what is -144555 + 4?
-144551
In base 10, what is 100 - -13762?
13862
In base 5, what is -4 + 104302404?
104302400
In base 8, what is -236124 - 5?
-236131
In base 16, what is -99 - 974?
-a0d
In base 14, what is 43a - -6?
442
In base 11, what is -3200 - -20?
-3190
In base 13, what is -39 + -348?
-384
In base 10, what is 66396 + -19?
66377
In base 13, what is 329c3 - -5?
329c8
In base 12, what is 112a8 - -a?
112b6
In base 6, what is 5153420 + 12?
5153432
In base 4, what is -131031 - 1201?
-132232
In base 9, what is 5 + 380140?
380145
In base 3, what is -1112222 - 12?
-1120011
In base 5, what is -104034 + -14?
-104103
In base 3, what is 2222120222 - 1?
2222120221
In base 2, what is -1010110110100100 - 11?
-1010110110100111
In base 15, what is 8082 - 8?
8079
In base 2, what is 111111110011110 - 11?
111111110011011
In base 10, what is 24115 - 4?
24111
In base 9, what is 60537 + 2?
60540
In base 16, what is 3aa6d + -4?
3aa69
In base 3, what is 102112 + -2210222?
-2101110
In base 12, what is -27b1 + 5?
-27a8
In base 13, what is -4 - -9625?
9621
In base 14, what is 0 - -80bc?
80bc
In base 10, what is -13009 - 96?
-13105
In base 3, what is -101 + 11100120?
11100012
In base 5, what is -11222313 + -4?
-11222322
In base 4, what is 30322 - -23?
31011
In base 14, what is -163 - 36?
-199
In base 12, what is -38 + 39583?
39547
In base 3, what is 1121 + 1110022200?
1110101021
In base 7, what is -1 + -121365?
-121366
In base 7, what is 0 - 2115241?
-2115241
In base 7, what is 236345 + -6?
236336
In base 3, what is -111 - -120021220?
120021102
In base 10, what is 307783 - 3?
307780
In base 16, what is 42bb + 2?
42bd
In base 15, what is -171 - -4?
-16c
In base 3, what is 102 - -1010021?
1010200
In base 16, what is -2d8a + 5?
-2d85
In base 2, what is 10 + 1001000100011?
1001000100101
In base 13, what is -559 - -22c5?
1a69
In base 16, what is -20f8 - -3?
-20f5
In base 8, what is 2044 - -314?
2360
In base 7, what is -12315 + -122?
-12440
In base 16, what is 2 + -117?
-115
In base 4, what is -122012120 - 0?
-122012120
In base 16, what is 21c6 - 106?
20c0
In base 10, what is 1 + 114431?
114432
In base 13, what is 1 - 12c2c?
-12c2b
In base 3, what is -10 - -12111221?
12111211
In base 2, what is -10110001011101011 + -10?
-10110001011101101
In base 8, what is -30611 - 17?
-30630
In base 14, what is 34 - -23d?
273
In base 7, what is -1 - 3326041?
-3326042
In base 9, what is 222 + 36?
258
In base 3, what is -122 - -102012102?
102011210
In base 12, what is -8a6 - -6?
-8a0
In base 9, what is 2140152 + -1?
2140151
In base 2, what is 10011011110 - -10001100110?
100101000100
In base 13, what is -2a - 265?
-292
In base 12, what is -3a67 + 1?
-3a66
In base 4, what is 3 - -1232232303?
1232232312
In base 4, what is 3 + -2021300?
-2021231
In base 10, what is 4 - 1128107?
-1128103
In base 7, what is -3 + -336062?
-336065
In base 11, what is 21858 - -50?
218a8
In base 7, what is 52625 + -1?
52624
In base 9, what is 12 - -101868?
101881
In base 16, what is 6 + b6a05?
b6a0b
In base 7, what is 4305604 + 2?
4305606
In base 2, what is -1001011011100 + 10010000101?
-111001010111
In base 7, what is -3 + -120065?
-120101
In base 6, what is -122441 - -3?
-122434
In base 14, what is 79b - -102?
89d
In base 8, what is -36322 - 13?
-36335
In base 5, what is 3000 + -10403?
-2403
In base 13, what is 8907 + 2c?
8936
In base 9, what is 1 - 10520?
-10518
In base 15, what is -3 - -2a0a?
2a07
In base 13, what is 14257 + -58?
141cc
In base 15, what is 2260 - 69?
21e6
In base 13, what is -19 - 555?
-571
In base 13, what is -6886c - 2?
-68871
In base 2, what is 100101011101110001 + 10?
100101011101110011
In base 5, what is 4 - 241311?
-241302
In base 10, what is -2 - -45376?
45374
In base 9, what is 132 - -1442?
1574
In base 13, what is -567719 + -1?
-56771a
In base 9, what is -284 + 672?
377
In base 2, what is -110 + -11100001001?
-11100001111
In base 5, what is -333241 - 1?
-333242
In base 4, what is -11211231231 - 3?
-11211231300
In base 5, what is 4 + -1000141?
-1000132
In base 4, what is -22223311233 + -1?
-22223311300
In base 8, what is 35 - 3575?
-3540
In base 9, what is 375 + -267?
107
In base 14, what is -4a064 + 13?
-4a051
In base 10, what is -22 + -107251?
-107273
In base 12, what is -149b - 81?
-1560
In base 10, what is -125151 + -8?
-125159
In base 13, what is -143b76 + 0?
-143b76
In base 9, what is 80 - -372?
462
In base 2, what is 1110 + 1111111000101?
1111111010011
In base 12, what is -69 + 121?
74
In base 13, what is 4 + 11b65?
11b69
In base 12, what is 56 + 920?
976
In base 4, what is -11033201 + -1033?
-11100300
In base 13, what is 24b6 - -7?
24c0
In base 15, what is 0 - -266e30?
266e30
In base 16, what is 25c0 + -6f?
2551
In base 7, what is -11565 - -5?
-11560
In base 3, what is 2220 + -1000102?
-220112
In base 8, what is -147126 - -1?
-147125
In base 10, what is -33126 - -132?
-32994
In base 5, what is -20 - -2012300?
2012230
In base 8, what is 7341 - -256?
7617
In base 11, what is 3 + 7580?
7583
In base 7, what is -6 - 344120?
-344126
In base 13, what is 367 - -25?
38c
In base 3, what is 101 - -221212?
222020
In base 8, what is 6 - 4066?
-4060
In base 10, what is 13916 + 37?
13953
In base 14, what is -3 - bbb59?
-bbb5c
In base 11, what is -1 + -810a?
-8110
In base 8, what is -13 + -2542162?
-2542175
In base 10, what is -4 - -17291?
17287
In base 5, what is -1010303 - -31?
-1010222
In base 7, what is -1012601 + -5?
-1012606
In base 7, what is 2302 - -341?
2643
In base 12, what is 8 + 186b9?
18705
In base 5, what is 23343 - -21322?
100220
In base 4, what is -101331 + 10222?
-31103
In base 2, what is 1001001 + -1001111110110?
-1001110101101
In base 13, what is b9c2 + 58?
ba4a
In base 3, what is -2021221 + 22220?
-1222001
In base 5, what is 0 + 233331?
233331
In base 15, what is 17a8c - -4?
17a91
In base 9, what is 1636 + 3?
1640
In base 13, what is -2c49c - 7?
-2c4a6
In base 10, what is -5297 + -374?
-5671
In base 6, what is 24050513 - 4?
24050505
In base 12, what is -4 + -11926?
-1192a
In base 16, what is -2 - 2b80?
-2b82
In base 16, what is 1a0a6 + 19?
1a0bf
In base 7, what is -435431 - -5?
-435423
In base 9, what is -203 - 3056?
-3260
In base 7, what is 24 + 51055?
51112
In base 12, what is -674918 - -4?
-674914
In base 9, what is 36582 - 4?
36577
In base 12, what is -2b705 + -5?
-2b70a
In base 7, what is -1355 - 2064?
-3452
In base 10, what is -6 - -47739?
47733
In base 9, what is -524 - -34?
-480
In base 15, what is 610 + 4a?
65a
In base 3, what is -10102102 - 1?
-10102110
In base 4, what is -11010 + 23302?
12232
In base 16, what is 0 + -2535?
-2535
In base 9, what is -1758 - 6?
-1765
In base 16, what is 20f + -662?
-453
In base 4, what is 302312 + -12002?
230310
In base 4, what is 103220132130 + 0?
103220132130
In base 9, what is 1387 + -14?
1373
In base 12, what is -71652 - -1?
-71651
In base 9, what is 585 + 571?
1266
In base 12, what is 1589 + 110?
1699
In base 6, what is 13 + -2033?
-2020
In base 16, what is -42 + b5d?
b1b
In base 6, what is 5 - 4211?
-4202
In base 3, what is 120 + -1120112120?
-1120112000
In base 4, what is -313323 + -3?
-313332
In base 6, what is -210502 - 31?
-210533
In base 14, what is 2 - -d93?
d95
In base 6, what is 34123011 - 2?
34123005
In base 11, what is 18 + 388?
3a5
In base 13, what is -bc - 8?
-c7
In base 3, what is -10112120 - 1120101?
-12002221
In base 6, what is 2 + 544542?
544544
In base 16, what is -b8 + 624?
56c
In base 9, what is -5 + 888343?
888337
In base 9, what is 85788 + -10?
85778
In base 8, what is -3 + -712215?
-712220
In base 11, what is -980 - 338?
-1208
In base 14, what is 2 + -951a4?
-951a2
In base 16, what is -7cf + -25?